 - 2*w + 70, 0 = 4*a + 3*w - x. List the prime factors of a.
17
Let x(i) = i**3 - 8*i**2 - 5*i - 11. What are the prime factors of x(10)?
139
Let k be (5 - 6)/((-2)/6). Suppose 5*d - 6 = k*d. What are the prime factors of d?
3
Let q(r) be the third derivative of r**6/120 + r**5/10 - r**4/8 - 4*r**3/3 + 3*r**2. Let y = -14 - -8. What are the prime factors of q(y)?
2, 5
Let d = -117 + 164. List the prime factors of d.
47
Let o be 0 + (-1 - 1)*-1. Suppose -o*j + 27 = j. What are the prime factors of 6 - (-3)/(j/6)?
2
Let j(l) = 7*l - 4 - 2*l + 2. Let f be (4/3 - 2)*-3. List the prime factors of j(f).
2
Let p = 322 - 100. What are the prime factors of p?
2, 3, 37
Let d be ((-6)/9)/((-4)/12). Let c(t) = 6*t**2 - 2. List the prime factors of c(d).
2, 11
Let i = 417 - 199. What are the prime factors of i?
2, 109
Suppose 2*f = -4*m + 270, -5*m + 315 = 2*f - 4*f. What are the prime factors of m?
5, 13
Let x be (-2 + 3)*4/(-1). Let u = x - -7. What are the prime factors of u/(6/20) + -2?
2
Let k = 1 - -22. What are the prime factors of k?
23
Let f(m) = 5*m - 9. Let a be f(6). Suppose 0*d + 57 = 3*d. Suppose 5*q = a + d. List the prime factors of q.
2
Let s(r) = 15*r + 12. List the prime factors of s(8).
2, 3, 11
Suppose -15 = -7*c + 6. What are the prime factors of c?
3
Let b(v) be the first derivative of 3*v**4/4 - v + 3. Let z be b(1). Suppose 4*y + z*x = 41 + 19, 0 = -5*y - 3*x + 75. List the prime factors of y.
3, 5
Let q = -49 - -94. List the prime factors of q.
3, 5
Suppose 5*v = -3*w + 95, -w + 0*w = -3*v - 13. List the prime factors of w.
5
Let z(u) = -u**2 + 2 - 6*u - u + 0*u**2. Let v be z(-7). Suppose 3*b = -2*s + 4*s - 2, -14 = -3*b - v*s. What are the prime factors of b?
2
Let l = -3 - 0. List the prime factors of (-133)/l - (-9)/(-27).
2, 11
Let i(m) = 4*m**2 + m. Let w be i(1). Let j(o) = -o**3 + 13*o + 7*o**2 + 0*o**2 + 7 - w*o. What are the prime factors of j(8)?
7
Suppose 0 = -4*w + 5*i + 469, 7*i - 419 = -4*w + 2*i. What are the prime factors of w?
3, 37
Let a(w) = -w**2 - 11*w + 2. List the prime factors of a(-10).
2, 3
Suppose 3*w = 4*x - 2*w - 337, -w - 161 = -2*x. List the prime factors of x.
2, 3, 13
Suppose -i + 4*i = -5*a + 32, -5*i = 3*a - 80. What are the prime factors of i?
19
Suppose -3*y - 118 = -2*a, -98 = 3*y - 0*y + 2*a. Let b = -6 - y. What are the prime factors of b?
2, 3, 5
Let j be 2 - 5 - (-347 + -2). What are the prime factors of 2/(-8) - j/(-8)?
43
Let l = -5 - -3. Let r(y) = 2*y**2 + 4*y + 3. Let a be r(l). Suppose -o + 5*p - a = 0, -p - 20 = -6*p. List the prime factors of o.
17
Suppose 2*j + 4 = -4*u, 0 = 3*u - 0*u + 3. Suppose -2*m + 41 = 3*l, -4*l + l - 5*m + 35 = j. What are the prime factors of l?
3, 5
Let p(s) = 10*s**2 + s + 1. Suppose -4*h - 5*z = -9 + 22, z = -2*h + 1. Suppose -2*g = -1 + h. List the prime factors of p(g).
2, 5
Let l(j) be the third derivative of j**6/120 + 7*j**5/60 + 5*j**4/24 - j**3/3 - 3*j**2. List the prime factors of l(-6).
2
Let j = 9 - 8. Let l(v) = 11*v**3 + v**2 + v - 1. List the prime factors of l(j).
2, 3
Let m = 21 - 1. List the prime factors of m.
2, 5
Let v(l) = 3*l + 4. Let c be v(12). Let o = 60 - c. What are the prime factors of o?
2, 5
Suppose 3*k = 4*k - 4*o - 11, -3*k = -5*o - 12. Let b be 1 - k - 8/4. Suppose b = 2*a + 3 - 7. What are the prime factors of a?
2
Suppose 2*w - 328 = -90. List the prime factors of w.
7, 17
Let i(a) = -a**3 - 8*a**2 - 7*a + 4. Let f be i(-7). Let s = 8 + f. Suppose 6*h = 3*h + s. What are the prime factors of h?
2
Let n = -54 + 141. What are the prime factors of n?
3, 29
Suppose 31 = 3*b + 5*j, 5*b = 2*j - 3*j + 15. Suppose f - b*f = -8. Let x(h) = 2*h - 6. What are the prime factors of x(f)?
2, 5
Suppose -1 - 8 = -3*o, 0 = -4*z - o + 219. What are the prime factors of z?
2, 3
Let f(c) = -c + 80. What are the prime factors of f(0)?
2, 5
Let n = 7 - 5. What are the prime factors of (-27)/n*(-12)/18?
3
Suppose -4*k = -4*b + 4 + 68, 5*b + 4*k = 117. Suppose 0 = -3*g + b + 24. List the prime factors of g.
3, 5
Suppose 0 = 3*o - o - 4*s - 48, -26 = -o + s. Let u = o - 20. What are the prime factors of u?
2
Let h(i) = 4*i**3 - 2*i**2 - 8. Let v(l) = -3*l**3 + 3*l**2 - l + 7. Let j(c) = 2*h(c) + 3*v(c). Let s be j(4). Let r = s + -3. List the prime factors of r.
2, 3
Let n be 2 + 3 + -1 + -2. Suppose 3*q = n*c + 54, 2*c - 1 + 75 = 4*q. What are the prime factors of q?
2, 5
Let n = 18 + -18. Suppose -f + 0 = -5. Suppose 5*w - 49 = -2*d + 37, n = 3*w - f*d - 33. What are the prime factors of w?
2
Let d(z) = z + 2. Let h be d(-4). Let c be 1/2 + 1/h. Suppose -3*v = c, -f - 6 = -4*f - 4*v. List the prime factors of f.
2
What are the prime factors of (-686)/(-22) - (-12)/(-66)?
31
Let y(u) = -14*u. Let d be y(1). Let w be 4/14 + (-66)/d. Suppose -2*b + 3*p + 16 = 0, 8*b = 3*b + w*p + 30. List the prime factors of b.
2
Suppose -5*f = -4*f - 18. List the prime factors of f.
2, 3
Suppose 20 = -5*g + 2*t, 0*g - 23 = -g - 5*t. What are the prime factors of g/(-8) - (-126)/8?
2
What are the prime factors of (-1)/(-1)*172/4?
43
Let o(u) = u**3 - 6*u**2 + 6*u - 7. Let a(f) = -f**2 - 5*f + 1. Let w be a(-4). Let v be o(w). Let q(m) = -2*m - 2. List the prime factors of q(v).
2
Suppose 2*o - 2*b = b, 4 = -2*o + 5*b. Let r = o + 0. List the prime factors of r.
3
Suppose 2*z + 0*z - 5*w - 29 = 0, -10 = 2*w. Suppose -3*t + 4*j = -8, z*t = 3*j + 4 + 2. Suppose -x + t = -7. List the prime factors of x.
7
Let t(u) = -u**3 - 5*u**2 + u + 7. Let w be t(-7). Let o = -141 + w. Let s = -30 - o. What are the prime factors of s?
13
Suppose 5*s + n + 26 = 4*s, -s + 5*n = 38. What are the prime factors of (-385)/s - 3/4?
13
Let u(r) = -r**2 - 8*r + 11. Let l be u(-9). What are the prime factors of l + 20 - (-1 + -1)?
2, 3
Suppose 2*h - 199 = -a, 2*h + h - a - 291 = 0. List the prime factors of h.
2, 7
What are the prime factors of 62 - 0 - (5 + -8)?
5, 13
Let u(v) = -16*v**3 - v**2 + v. Let s be u(1). What are the prime factors of (-116)/s + (-2)/8?
7
Let a be 18/4 - (-12)/8. Suppose -2*c + a*c - 96 = 0. List the prime factors of c.
2, 3
Let g be 2/(-5) - (-8)/20. Let a be (g - 2)*9/6. Let q = 12 + a. List the prime factors of q.
3
Suppose -o = -n - 4, 1 - 9 = -2*n - 2*o. Suppose 0 = 4*f + 2*h - 58, 0 = -3*f - n*h + 2*h + 33. List the prime factors of f.
13
Let a(o) = 2*o**2 - 4*o - 8. Let y be a(6). Let w = 64 - y. Suppose -n + 5*s + w = 1, 55 = 5*n - 5*s. What are the prime factors of n?
2
Let s = -3 + 3. Suppose 5*n - u = -s*u + 33, 15 = -5*u. Let x = n + -3. What are the prime factors of x?
3
Suppose 0 = y - 2 - 1, -6 = 2*z - 4*y. Let k = 2 - -1. Suppose k*u - 6 = z*c, c = 3*u - 3*c - 4. What are the prime factors of u?
2
Let z(o) = -o**3 - 12*o**2 - 11*o + 5. Let f be z(-11). Suppose f*b - 32 = b. List the prime factors of b.
2
Let q = 0 - 1. Let w be 5 + (0 - 2) - q. Suppose -w*r + 45 = -r. List the prime factors of r.
3, 5
Suppose 0 = n - 2*n + 4*p + 8, -3 = -n - p. Suppose 4*c - c = n*d + 44, 18 = c - 2*d. List the prime factors of c.
2
Suppose -5*r + 3*q = -0*q + 6, -r - 4*q - 15 = 0. List the prime factors of (-9)/(-2)*(-22)/r.
3, 11
Let i = 15 + -11. Suppose 5*u - 5*j = -0*j + 115, 4*j = -i. What are the prime factors of u?
2, 11
Suppose 0 = 5*h - 4*h - 25. Let q = h + -3. What are the prime factors of q?
2, 11
Suppose 0 = -2*q - 3*q + 245. Suppose 0 = -y + 4*k + 35, 0*k = -2*y + k + q. List the prime factors of y.
23
List the prime factors of (2 - 1*(-4 - -7)) + 215.
2, 107
Suppose 17*c + 264 = 18*c. What are the prime factors of c?
2, 3, 11
Let b = -71 + 1. Let f = -42 - b. What are the prime factors of f?
2, 7
Let d = 252 + -126. List the prime factors of d.
2, 3, 7
Let n = 55 - 23. What are the prime factors of n?
2
Let y be (0 - 3/6)*-12. Let u = y + 5. List the prime factors of u.
11
Let p be 5/((-5)/(-4)) - 2. Suppose 0 = 2*b - 14 - p. Suppose b*q = 3*q + 30. What are the prime factors of q?
2, 3
Suppose -29 = -y - 3*q + 12, 71 = 3*y - 4*q. Let r = -15 + y. What are the prime factors of r?
2, 7
Let i be -5*(-3)/((-6)/2). Let a(t) = t + 7. List the prime factors of a(i).
2
Suppose 2*u + 0 - 16 = 0. Suppose -5*k - 1 + 21 = -2*d, -2*d = 2*k - u. What are the prime factors of k?
2
Let x = 102 + -68. What are the prime factors of x?
2, 17
Let a(j) = 2 + 